890?
True
Does 26 divide 178501648?
True
Is 27 a factor of 405695790?
True
Does 2750 divide 129650336?
False
Is 1180 a factor of 185546851?
False
Is 9 a factor of 1209529359?
True
Is 5 a factor of 60518580?
True
Does 834 divide 330259830?
True
Is 64758650 a multiple of 209?
True
Does 132 divide 19847475?
False
Is 7 a factor of 960297?
False
Is 34 a factor of 11026030?
True
Does 161 divide 5220355?
False
Is 98825034 a multiple of 14?
True
Is 173 a factor of 67460522?
False
Does 74 divide 155359522?
True
Is 35413695 a multiple of 16?
False
Is 660439371 a multiple of 17?
False
Is 17 a factor of 180378738?
True
Is 1549 a factor of 10762944?
False
Is 345 a factor of 902466525?
True
Is 1983 a factor of 7837641?
False
Is 791 a factor of 235640482?
True
Is 45 a factor of 1377469228?
False
Is 138953532 a multiple of 852?
True
Does 148 divide 37282976?
True
Is 909 a factor of 1428524264?
False
Is 34 a factor of 92400954?
False
Is 12 a factor of 149517972?
True
Is 7 a factor of 111531246?
False
Is 31144537 a multiple of 499?
False
Does 1200 divide 115239600?
True
Is 3968 a factor of 213224448?
True
Is 120353483 a multiple of 186?
False
Does 10 divide 170350480?
True
Does 225 divide 66366642?
False
Does 12 divide 262733124?
True
Is 2 a factor of 278634038?
True
Is 88 a factor of 335157768?
True
Does 167 divide 63600138?
False
Is 458582080 a multiple of 32?
True
Is 1880249382 a multiple of 47?
True
Is 2409 a factor of 4449524178?
True
Is 109943856 a multiple of 2239?
True
Does 117 divide 21831057?
False
Is 13 a factor of 54836145?
True
Does 39 divide 4532047845?
True
Is 33 a factor of 44771694?
True
Does 23 divide 149874016?
False
Is 481 a factor of 15326429?
False
Does 14 divide 1470098?
True
Is 41 a factor of 16600991?
False
Is 28070866 a multiple of 665?
False
Does 199 divide 1154390642?
True
Does 705 divide 22487385?
True
Is 14 a factor of 48081639?
False
Is 392304580 a multiple of 102?
False
Is 15393862 a multiple of 48?
False
Is 124 a factor of 6019704?
True
Does 1559 divide 961128845?
False
Is 847 a factor of 14469301?
True
Does 41 divide 80743514?
True
Is 146 a factor of 2384069040?
True
Is 607615932 a multiple of 92?
True
Is 114228594 a multiple of 251?
True
Is 6705419 a multiple of 3951?
False
Is 1839 a factor of 21104263?
False
Is 56952832 a multiple of 32?
True
Is 4865626 a multiple of 166?
True
Is 4374358 even?
True
Is 8291176 a multiple of 47?
True
Is 19491251 a multiple of 137?
False
Is 1990105 a multiple of 32?
False
Is 87 a factor of 32778500?
False
Is 717666033 a multiple of 161?
True
Is 15011493 a multiple of 32?
False
Is 439 a factor of 2424120685?
True
Does 102 divide 163922568?
True
Is 1582834344 a multiple of 11881?
True
Is 109 a factor of 58037050?
True
Is 13 a factor of 63373349?
True
Does 69 divide 336027649?
False
Is 7 a factor of 170457742?
True
Is 5 a factor of 361583670?
True
Is 7023768 a multiple of 146?
True
Is 1354 a factor of 883307626?
True
Is 1652 a factor of 34931948?
False
Is 2486 a factor of 458006735?
False
Is 5 a factor of 347650159?
False
Is 2002 a factor of 99538384?
False
Does 50 divide 35227500?
True
Is 12 a factor of 51045?
False
Is 742674840 a multiple of 6577?
True
Is 3128 a factor of 203563984?
True
Does 214 divide 278772236?
True
Is 167498631 a multiple of 129?
True
Does 78 divide 45895993?
False
Does 1131 divide 76683040?
False
Is 8 a factor of 61173134?
False
Does 638 divide 189438150?
True
Is 1260 a factor of 1159936888?
False
Does 23 divide 3794189526?
True
Does 156 divide 207283760?
False
Is 215 a factor of 186312099?
False
Does 1012 divide 23708127?
False
Does 1073 divide 194061497?
False
Is 9808183 a multiple of 602?
False
Is 808908016 a multiple of 5992?
True
Is 3 a factor of 155157589?
False
Is 24 a factor of 41518429?
False
Is 18969220 a multiple of 20?
True
Does 4 divide 4098593?
False
Is 435487931 a multiple of 1174?
False
Does 3 divide 56671?
False
Is 68 a factor of 702249181?
False
Does 867 divide 326389953?
True
Is 1853 a factor of 118470736?
False
Is 33 a factor of 2828978437?
False
Is 40575249 a multiple of 27?
True
Is 751754169 a multiple of 128?
False
Is 8 a factor of 1042186902?
False
Is 230 a factor of 22911079?
False
Does 231 divide 75305076?
True
Does 4132 divide 675615056?
True
Is 76 a factor of 14435540?
False
Is 902529045 a multiple of 1863?
False
Is 323645963 a multiple of 298?
False
Does 2881 divide 493580208?
False
Does 1490 divide 618172690?
True
Does 405 divide 66141260?
False
Is 991 a factor of 216420481?
False
Is 11330256 a multiple of 117?
False
Is 4 a factor of 267631774?
False
Is 3721678 a multiple of 11?
False
Is 67061774 a multiple of 176?
False
Is 33770993 a multiple of 1353?
False
Is 10 a factor of 14131270?
True
Does 2151 divide 94936536?
True
Does 152 divide 116285328?
False
Is 141 a factor of 109568672?
False
Is 271097826 a multiple of 6871?
False
Is 20708101 even?
False
Does 6749 divide 2039698274?
False
Is 39 a factor of 189482272?
False
Does 59 divide 63911140?
False
Does 37 divide 6849047?
False
Is 22 a factor of 30127108?
True
Is 72 a factor of 82156752?
True
Is 24842720 a multiple of 41?
True
Is 3118 a factor of 1242432578?
True
Is 4483324360 a multiple of 2005?
True
Does 2219 divide 169667737?
False
Is 82 a factor of 11659416?
True
Is 13 a factor of 2908828?
True
Is 40 a factor of 587797120?
True
Is 40301245 a multiple of 1096?
False
Is 252317835 a multiple of 99?
True
Does 162 divide 24267367?
False
Does 7812 divide 1047251483?
False
Is 248 a factor of 1555918024?
True
Is 2900460970 a multiple of 110?
True
Does 409 divide 268871519?
False
Is 787340310 a multiple of 3730?
False
Is 145 a factor of 21139550?
True
Is 333 a factor of 3986676?
True
Is 14 a factor of 24056718?
True
Is 389018679 a multiple of 1074?
False
Does 307 divide 16654443?
True
Is 94 a factor of 7684484?
False
Is 358 a factor of 53712861?
False
Does 55 divide 13453660?
True
Is 97 a factor of 72295943?
True
Is 31 a factor of 30701904?
True
Is 42 a factor of 3460603356?
True
Does 17 divide 116383598?
True
Is 426 a factor of 113730178?
False
Is 30212771 a multiple of 174?
False
Is 3874015872 a multiple of 738?
True
Does 12 divide 67117068?
True
Does 1718 divide 364205692?
True
Is 5408 a factor of 4792045024?
True
Is 268092848 a multiple of 39?
False
Is 51994672 a multiple of 3370?
False
Is 132 a factor of 1725208637?
False
Is 251829600 a multiple of 55?
True
Does 7 divide 257536412?
True
Is 37 a factor of 4833220867?
True
Is 7981056 a multiple of 866?
True
Does 4 divide 4896493?
False
Does 13 divide 3299907?
True
Is 9962834 a multiple of 406?
True
Is 52371220 a multiple of 134?
True
Does 5 divide 10269159?
False
Does 8 divide 40067512?
True
Is 127 a factor of 2493723994?
True
Is 46599866 a multiple of 673?
True
Does 2807 divide 215363460?
False
Is 42731361 a multiple of 93?
True
Is 168013588 a multiple of 146?
True
Does 1454 divide 55356688?
True
Is 626949596 a multiple of 17?
True
Is 17 a factor of 51103183?
False
Is 29588660 a multiple of 4?
True
Is 8080804 a multiple of 212?
True
Does 15 divide 500454117?
False
Does 210 divide 345993459?
False
Is 177222224 a multiple of 100?
False
Does 153 divide 18126077?
False
Is 619437089 a multiple of 8?
False
Is 1731806911 a multiple of 7?
False
Is 52235344 a multiple of 1876?
True
Does 293 divide 41147790?
False
Does 17 divide 47287723?
False
Is 183660625 a multiple of 129?
False
Does 2472 divide 37874062?
False
Is 20 a factor of 28841973?
False
Is 229 a factor of 3954736339?
True
Is 631 a factor of 484106355?
True
Is 192 a factor of 123995328?
True
Is 947696816 a multiple of 212?
True
Is 21 a factor of 26418378?
True
Is 12279035 a multiple of 19?
True
Does 592 divide 4289246608?
True
Is 420192220 a multiple of 14?
True
Does 164 divide 1023737856?
True
Is 1785 a factor of 37651005?
True
Is 202949433 a multiple of 9?
True
Is 11 a factor of 372880294?
False
Is 4009 a factor of 80035676?
True
Is 18 a factor of 60481662?
False
Is 8716005 a multiple of 27?
True
Is 27465690 a multiple of 310?
True
Is 8 a factor of 77056?
True
Does 3526 divide 166924366?
True
Is 77159456 a multiple of 38?
True
Is 209 a factor of 231818202?
True
Is 13952286 a multiple of 122?
True
Does 50 divide 105178267?
False
Is 1037 a factor of 285647684?
False
Does 46 divide 14666276